{"id":577,"date":"2024-12-17T15:20:11","date_gmt":"2024-12-17T12:20:11","guid":{"rendered":"https:\/\/rickparts.com.br\/loja\/produto\/lamp-halogena-h7-12v-55w-px26d\/"},"modified":"2026-03-02T10:27:59","modified_gmt":"2026-03-02T13:27:59","slug":"lamp-halogena-h7-12v-55w-px26d","status":"publish","type":"product","link":"https:\/\/rickparts.com.br\/loja\/produto\/lamp-halogena-h7-12v-55w-px26d\/","title":{"rendered":"L\u00e2mpada Hal\u00f3gena Automotiva H7 12v 55w Px26d"},"content":{"rendered":"<p>Refer\u00eancia: KX3H7<br \/>\nLAMPADA HALOGENA H7 12V 55W PX26D<\/p>\n<p>&nbsp;<\/p>\n<p>Essas l\u00e2mpadas produzem a luz pelo aquecimento do filamento de tungst\u00eanio e s\u00e3o preenchidas pelo g\u00e1s cript\u00f4nio (g\u00e1s dentro do vidro). Na ind\u00fastria automotiva, s\u00e3o usadas majoritariamente nos far\u00f3is principais e contam com diferentes formatos como H1, H3, H4, H7 etc.<\/p>\n<p>As L\u00e2mpadas Hal\u00f3genas podem ser substitu\u00eddas desde que respeitadas os tipos originais do ve\u00edculo. Estas op\u00e7\u00f5es oferecem benef\u00edcio em estilo e durabilidade, sem implicar na troca de tecnologia.<\/p>\n<p>&nbsp;<\/p>\n<p>Importante:<br \/>\n\u2022 Prazo de Validade: Indeterminado<br \/>\n\u2022 Valor Unit\u00e1rio (1 L\u00e2mpada)<br \/>\n\u2022 Imagens Meramente Ilustrativas.<br \/>\n\u2022 Recomendamos que a instala\u00e7\u00e3o seja feita por profissional especializado<\/p>\n","protected":false},"excerpt":{"rendered":"<p>Refer\u00eancia: KX3H7<br \/>\nLAMPADA HALOGENA H7 12V 55W PX26D<\/p>\n","protected":false},"featured_media":580,"comment_status":"open","ping_status":"closed","template":"","meta":{"nf_dc_page":"","site-sidebar-layout":"default","site-content-layout":"","ast-site-content-layout":"default","site-content-style":"default","site-sidebar-style":"default","ast-global-header-display":"","ast-banner-title-visibility":"","ast-main-header-display":"","ast-hfb-above-header-display":"","ast-hfb-below-header-display":"","ast-hfb-mobile-header-display":"","site-post-title":"","ast-breadcrumbs-content":"","ast-featured-img":"","footer-sml-layout":"","ast-disable-related-posts":"","theme-transparent-header-meta":"default","adv-header-id-meta":"","stick-header-meta":"","header-above-stick-meta":"","header-main-stick-meta":"","header-below-stick-meta":"","astra-migrate-meta-layouts":"set","ast-page-background-enabled":"default","ast-page-background-meta":{"desktop":{"background-color":"var(--ast-global-color-4)","background-image":"","background-repeat":"repeat","background-position":"center center","background-size":"auto","background-attachment":"scroll","background-type":"","background-media":"","overlay-type":"","overlay-color":"","overlay-opacity":"","overlay-gradient":""},"tablet":{"background-color":"","background-image":"","background-repeat":"repeat","background-position":"center center","background-size":"auto","background-attachment":"scroll","background-type":"","background-media":"","overlay-type":"","overlay-color":"","overlay-opacity":"","overlay-gradient":""},"mobile":{"background-color":"","background-image":"","background-repeat":"repeat","background-position":"center center","background-size":"auto","background-attachment":"scroll","background-type":"","background-media":"","overlay-type":"","overlay-color":"","overlay-opacity":"","overlay-gradient":""}},"ast-content-background-meta":{"desktop":{"background-color":"var(--ast-global-color-5)","background-image":"","background-repeat":"repeat","background-position":"center center","background-size":"auto","background-attachment":"scroll","background-type":"","background-media":"","overlay-type":"","overlay-color":"","overlay-opacity":"","overlay-gradient":""},"tablet":{"background-color":"var(--ast-global-color-5)","background-image":"","background-repeat":"repeat","background-position":"center center","background-size":"auto","background-attachment":"scroll","background-type":"","background-media":"","overlay-type":"","overlay-color":"","overlay-opacity":"","overlay-gradient":""},"mobile":{"background-color":"var(--ast-global-color-5)","background-image":"","background-repeat":"repeat","background-position":"center center","background-size":"auto","background-attachment":"scroll","background-type":"","background-media":"","overlay-type":"","overlay-color":"","overlay-opacity":"","overlay-gradient":""}}},"product_brand":[],"product_cat":[35],"product_tag":[],"class_list":{"0":"post-577","1":"product","2":"type-product","3":"status-publish","4":"has-post-thumbnail","6":"product_cat-iluminaoautomotiva","7":"desktop-align-left","8":"tablet-align-left","9":"mobile-align-left","11":"first","12":"instock","13":"shipping-taxable","14":"purchasable","15":"product-type-simple"},"_links":{"self":[{"href":"https:\/\/rickparts.com.br\/loja\/wp-json\/wp\/v2\/product\/577","targetHints":{"allow":["GET"]}}],"collection":[{"href":"https:\/\/rickparts.com.br\/loja\/wp-json\/wp\/v2\/product"}],"about":[{"href":"https:\/\/rickparts.com.br\/loja\/wp-json\/wp\/v2\/types\/product"}],"replies":[{"embeddable":true,"href":"https:\/\/rickparts.com.br\/loja\/wp-json\/wp\/v2\/comments?post=577"}],"wp:featuredmedia":[{"embeddable":true,"href":"https:\/\/rickparts.com.br\/loja\/wp-json\/wp\/v2\/media\/580"}],"wp:attachment":[{"href":"https:\/\/rickparts.com.br\/loja\/wp-json\/wp\/v2\/media?parent=577"}],"wp:term":[{"taxonomy":"product_brand","embeddable":true,"href":"https:\/\/rickparts.com.br\/loja\/wp-json\/wp\/v2\/product_brand?post=577"},{"taxonomy":"product_cat","embeddable":true,"href":"https:\/\/rickparts.com.br\/loja\/wp-json\/wp\/v2\/product_cat?post=577"},{"taxonomy":"product_tag","embeddable":true,"href":"https:\/\/rickparts.com.br\/loja\/wp-json\/wp\/v2\/product_tag?post=577"}],"curies":[{"name":"wp","href":"https:\/\/api.w.org\/{rel}","templated":true}]}}