{"id":599,"date":"2024-12-17T21:06:24","date_gmt":"2024-12-17T18:06:24","guid":{"rendered":"https:\/\/rickparts.com.br\/loja\/produto\/central-mp5-7pol-2din-wifi-gps-tv\/"},"modified":"2025-08-08T16:04:01","modified_gmt":"2025-08-08T19:04:01","slug":"central-mp5-7pol-2din-wifi-gps-tv","status":"publish","type":"product","link":"https:\/\/rickparts.com.br\/loja\/produto\/central-mp5-7pol-2din-wifi-gps-tv\/","title":{"rendered":"Central Mp5 7pol 2din Wifi\/gps\/tv"},"content":{"rendered":"<p>Refer\u00eancia: MP5-K6903<br \/>\n\u2022 TELA (1024X600) DE 7POL<br \/>\n\u2022 TOUCHSCREEN CAPACITIVA<br \/>\n\u2022 SISTEMA OPERACIONAL ANDROID 12<br \/>\n\u2022 PROCESSADOR 1.6 GHZ QUADCORE<br \/>\n\u2022 MEM\u00f3RIA RAM 8GB<br \/>\n\u2022 MEM\u00f3RIA INTERNA 16GB<br \/>\n\u2022 R\u00e1DIO FM\/AM COM MEM\u00f3RIA PARA ESTA\u00e7\u00f5ES<br \/>\n\u2022 ENTRADA USB\/SD PARA M\u00faSICA\/V\u00edDEO\/ARQUIVOS (AT\u00e9 32GB)<br \/>\n\u2022 BLUETOOTH 4.0: VIVA-VOZ E AUDIO STREAMING<br \/>\n\u2022 ESPELHAMENTO1 DE SMARTPHONE (IOS3 E ANDROID3 VIA WI-FI)<br \/>\n\u2022 CONEX\u00e3O PARA C\u00e2MERA DE R\u00e9 E C\u00e2MERA DVR<br \/>\n\u2022 EQUALIZADOR GR\u00e1CO DE 10 BANDAS<br \/>\n\u2022 POT\u00eaNCIA DE 4X45W<br \/>\n\u2022 NAVEGA\u00e7\u00e3O GPS VIA WAZE OU GOOGLE MAPS<br \/>\n\u2022 CONEX\u00e3O WI-FI<br \/>\n\u2022 SUPORTE PARA COMANDOS DE VOLANTE RESISTIVO<br \/>\n\u2022 ENTRADA DE \u00e1UDIO E V\u00edDEO RCA<br \/>\n\u2022 SA\u00edDA DE V\u00edDEO RCA PARA TELAS TRASEIRAS<br \/>\n\u2022 SA\u00edDA DE \u00e1UDIO RCA 2.1 (STEREO + SUBWOOFER)<br \/>\n\u2022 BOT\u00f5ES COM OP\u00e7\u00e3O DE ILUMINA\u00e7\u00e3O EM MILHARES DE CORES<br \/>\n\u2022 N\u00e3O POSSUI LEITOR DE CD\/DVD<\/p>\n","protected":false},"excerpt":{"rendered":"<p>Refer\u00eancia: MP5-K6903<br \/>\n\u2022 TELA (1024X600) DE 7POL<br \/>\n\u2022 TOUCHSCREEN CAPACITIVA<br \/>\n\u2022 SISTEMA OPERACIONAL ANDROID 12<br \/>\n\u2022 PROCESSADOR 1.6 GHZ QUADCORE<br \/>\n\u2022 MEM\u00f3RIA RAM 8GB<br \/>\n\u2022 MEM\u00f3RIA INTERNA 16GB<br \/>\n\u2022 R\u00e1DIO FM\/AM COM MEM\u00f3RIA PARA ESTA\u00e7\u00f5ES<br \/>\n\u2022 ENTRADA USB\/SD PARA M\u00faSICA\/V\u00edDEO\/ARQUIVOS (AT\u00e9 32GB)<br \/>\n\u2022 BLUETOOTH 4.0: VIVA-VOZ E AUDIO STREAMING<br \/>\n\u2022 ESPELHAMENTO1 DE SMARTPHONE (IOS3 E ANDROID3 VIA WI-FI)<br \/>\n\u2022 CONEX\u00e3O PARA C\u00e2MERA DE R\u00e9 E C\u00e2MERA DVR<br \/>\n\u2022 EQUALIZADOR GR\u00e1CO DE 10 BANDAS<br \/>\n\u2022 POT\u00eaNCIA DE 4X45W<br \/>\n\u2022 NAVEGA\u00e7\u00e3O GPS VIA WAZE OU GOOGLE MAPS<br \/>\n\u2022 CONEX\u00e3O WI-FI<br \/>\n\u2022 SUPORTE PARA COMANDOS DE VOLANTE RESISTIVO<br \/>\n\u2022 ENTRADA DE \u00e1UDIO E V\u00edDEO RCA<br \/>\n\u2022 SA\u00edDA DE V\u00edDEO RCA PARA TELAS TRASEIRAS<br \/>\n\u2022 SA\u00edDA DE \u00e1UDIO RCA 2.1 (STEREO + SUBWOOFER)<br \/>\n\u2022 BOT\u00f5ES COM OP\u00e7\u00e3O DE ILUMINA\u00e7\u00e3O EM MILHARES DE CORES<br \/>\n\u2022 N\u00e3O POSSUI LEITOR DE CD\/DVD<\/p>\n","protected":false},"featured_media":598,"comment_status":"open","ping_status":"closed","template":"","meta":{"nf_dc_page":"","site-sidebar-layout":"default","site-content-layout":"","ast-site-content-layout":"default","site-content-style":"default","site-sidebar-style":"default","ast-global-header-display":"","ast-banner-title-visibility":"","ast-main-header-display":"","ast-hfb-above-header-display":"","ast-hfb-below-header-display":"","ast-hfb-mobile-header-display":"","site-post-title":"","ast-breadcrumbs-content":"","ast-featured-img":"","footer-sml-layout":"","ast-disable-related-posts":"","theme-transparent-header-meta":"default","adv-header-id-meta":"","stick-header-meta":"","header-above-stick-meta":"","header-main-stick-meta":"","header-below-stick-meta":"","astra-migrate-meta-layouts":"set","ast-page-background-enabled":"default","ast-page-background-meta":{"desktop":{"background-color":"var(--ast-global-color-4)","background-image":"","background-repeat":"repeat","background-position":"center center","background-size":"auto","background-attachment":"scroll","background-type":"","background-media":"","overlay-type":"","overlay-color":"","overlay-opacity":"","overlay-gradient":""},"tablet":{"background-color":"","background-image":"","background-repeat":"repeat","background-position":"center center","background-size":"auto","background-attachment":"scroll","background-type":"","background-media":"","overlay-type":"","overlay-color":"","overlay-opacity":"","overlay-gradient":""},"mobile":{"background-color":"","background-image":"","background-repeat":"repeat","background-position":"center center","background-size":"auto","background-attachment":"scroll","background-type":"","background-media":"","overlay-type":"","overlay-color":"","overlay-opacity":"","overlay-gradient":""}},"ast-content-background-meta":{"desktop":{"background-color":"var(--ast-global-color-5)","background-image":"","background-repeat":"repeat","background-position":"center center","background-size":"auto","background-attachment":"scroll","background-type":"","background-media":"","overlay-type":"","overlay-color":"","overlay-opacity":"","overlay-gradient":""},"tablet":{"background-color":"var(--ast-global-color-5)","background-image":"","background-repeat":"repeat","background-position":"center center","background-size":"auto","background-attachment":"scroll","background-type":"","background-media":"","overlay-type":"","overlay-color":"","overlay-opacity":"","overlay-gradient":""},"mobile":{"background-color":"var(--ast-global-color-5)","background-image":"","background-repeat":"repeat","background-position":"center center","background-size":"auto","background-attachment":"scroll","background-type":"","background-media":"","overlay-type":"","overlay-color":"","overlay-opacity":"","overlay-gradient":""}}},"product_brand":[],"product_cat":[38],"product_tag":[],"class_list":{"0":"post-599","1":"product","2":"type-product","3":"status-publish","4":"has-post-thumbnail","6":"product_cat-somevdeo","7":"desktop-align-left","8":"tablet-align-left","9":"mobile-align-left","11":"first","12":"outofstock","13":"shipping-taxable","14":"purchasable","15":"product-type-simple"},"_links":{"self":[{"href":"https:\/\/rickparts.com.br\/loja\/wp-json\/wp\/v2\/product\/599","targetHints":{"allow":["GET"]}}],"collection":[{"href":"https:\/\/rickparts.com.br\/loja\/wp-json\/wp\/v2\/product"}],"about":[{"href":"https:\/\/rickparts.com.br\/loja\/wp-json\/wp\/v2\/types\/product"}],"replies":[{"embeddable":true,"href":"https:\/\/rickparts.com.br\/loja\/wp-json\/wp\/v2\/comments?post=599"}],"wp:featuredmedia":[{"embeddable":true,"href":"https:\/\/rickparts.com.br\/loja\/wp-json\/wp\/v2\/media\/598"}],"wp:attachment":[{"href":"https:\/\/rickparts.com.br\/loja\/wp-json\/wp\/v2\/media?parent=599"}],"wp:term":[{"taxonomy":"product_brand","embeddable":true,"href":"https:\/\/rickparts.com.br\/loja\/wp-json\/wp\/v2\/product_brand?post=599"},{"taxonomy":"product_cat","embeddable":true,"href":"https:\/\/rickparts.com.br\/loja\/wp-json\/wp\/v2\/product_cat?post=599"},{"taxonomy":"product_tag","embeddable":true,"href":"https:\/\/rickparts.com.br\/loja\/wp-json\/wp\/v2\/product_tag?post=599"}],"curies":[{"name":"wp","href":"https:\/\/api.w.org\/{rel}","templated":true}]}}